e 6) to base 12
-1a
Convert 153 (base 8) to base 5.
412
31 (base 8) to base 5
100
What is 1 (base 16) in base 12?
1
What is -4 (base 11) in base 13?
-4
2130 (base 5) to base 9
352
15 (base 13) to base 14
14
What is -1 (base 12) in base 5?
-1
-30 (base 12) to base 10
-36
-3 (base 10) to base 7
-3
-10001 (base 2) to base 12
-15
What is -28 (base 14) in base 15?
-26
Convert -1 (base 3) to base 9.
-1
Convert 12101 (base 3) to base 4.
2101
0 (base 6) to base 4
0
-9 (base 14) to base 3
-100
Convert -12 (base 4) to base 13.
-6
What is 0 (base 3) in base 5?
0
What is -3 (base 5) in base 6?
-3
-10 (base 12) to base 14
-c
Convert 113 (base 5) to base 11.
30
What is -a (base 13) in base 10?
-10
-3 (base 16) to base 9
-3
12 (base 11) to base 2
1101
What is -6 (base 8) in base 15?
-6
What is -1d (base 14) in base 7?
-36
-18 (base 10) to base 3
-200
What is 440 (base 5) in base 14?
88
-137 (base 13) to base 10
-215
Convert 1 (base 15) to base 2.
1
-13 (base 5) to base 4
-20
What is 4 (base 5) in base 15?
4
Convert -13 (base 8) to base 5.
-21
What is -3 (base 11) in base 6?
-3
2 (base 4) to base 7
2
13 (base 9) to base 10
12
What is 37 (base 9) in base 14?
26
-100011 (base 2) to base 14
-27
What is 2 (base 10) in base 16?
2
-1 (base 2) to base 6
-1
Convert -6 (base 9) to base 8.
-6
Convert -2 (base 11) to base 15.
-2
Convert 142 (base 11) to base 12.
11b
Convert 8 (base 9) to base 14.
8
3 (base 4) to base 5
3
Convert -4 (base 15) to base 11.
-4
Convert 1001 (base 2) to base 11.
9
-18 (base 9) to base 13
-14
What is -63 (base 7) in base 6?
-113
16 (base 11) to base 5
32
Convert -4 (base 15) to base 5.
-4
What is -10102 (base 3) in base 13?
-71
Convert -5 (base 16) to base 5.
-10
Convert -1002 (base 5) to base 11.
-106
What is 124 (base 5) in base 2?
100111
What is -c9 (base 16) in base 15?
-d6
Convert 41 (base 7) to base 11.
27
Convert -12010 (base 3) to base 10.
-138
What is -200 (base 5) in base 4?
-302
What is 1a (base 14) in base 11?
22
What is -1101001 (base 2) in base 16?
-69
2 (base 16) to base 10
2
What is 50 (base 7) in base 16?
23
3 (base 6) to base 12
3
What is -22 (base 6) in base 4?
-32
13 (base 11) to base 4
32
-10100 (base 2) to base 11
-19
311 (base 4) to base 12
45
Convert 123 (base 8) to base 14.
5d
What is 5 (base 6) in base 9?
5
10011 (base 2) to base 11
18
12 (base 9) to base 2
1011
-178 (base 9) to base 6
-412
Convert b5 (base 12) to base 5.
1022
Convert -1 (base 5) to base 8.
-1
What is 318 (base 9) in base 16?
104
What is 2221 (base 3) in base 10?
79
Convert -10 (base 12) to base 8.
-14
Convert 17 (base 15) to base 2.
10110
-56 (base 12) to base 15
-46
-51 (base 15) to base 7
-136
What is -4 (base 7) in base 6?
-4
What is 10 (base 5) in base 4?
11
What is -3 (base 12) in base 8?
-3
Convert 11 (base 2) to base 8.
3
What is 310 (base 5) in base 14?
5a
33 (base 13) to base 12
36
Convert 0 (base 6) to base 14.
0
3 (base 13) to base 7
3
What is -11 (base 4) in base 5?
-10
-3 (base 4) to base 2
-11
-47 (base 8) to base 4
-213
Convert 10 (base 2) to base 9.
2
What is 0 (base 16) in base 9?
0
-6 (base 13) to base 8
-6
Convert 32 (base 8) to base 7.
35
What is 36 (base 8) in base 13?
24
Convert -56 (base 10) to base 13.
-44
Convert 4c (base 15) to base 9.
80
What is -11110 (base 2) in base 5?
-110
What is 12 (base 8) in base 15?
a
Convert -313 (base 8) to base 3.
-21112
Convert -10001110 (base 2) to base 10.
-142
Convert -125 (base 6) to base 5.
-203
Convert -121 (base 3) to base 4.
-100
2 (base 6) to base 2
10
-5 (base 6) to base 15
-5
Convert 66 (base 14) to base 7.
156
0 (base 10) to base 12
0
Convert -161 (base 7) to base 5.
-332
-3 (base 11) to base 7
-3
Convert -110011 (base 2) to base 9.
-56
Convert 3 (base 9) to base 13.
3
65 (base 14) to base 16
59
20 (base 7) to base 16
e
What is 455 (base 7) in base 5?
1421
-1 (base 15) to base 13
-1
What is 20 (base 5) in base 13?
a
Convert 39 (base 15) to base 13.
42
What is 1 (base 15) in base 6?
1
Convert -2 (base 15) to base 16.
-2
1010101 (base 2) to base 3
10011
Convert 50 (base 7) to base 14.
27
-51 (base 12) to base 11
-56
5 (base 13) to base 14
5
What is 35 (base 9) in base 8?
40
What is 11 (base 2) in base 15?
3
1244 (base 5) to base 14
103
What is 10111110 (base 2) in base 8?
276
Convert -7 (base 8) to base 4.
-13
14 (base 13) to base 8
21
Convert 10000 (base 2) to base 12.
14
Convert -3 (base 4) to base 12.
-3
Convert -17 (base 13) to base 11.
-19
What is 2 (base 9) in base 10?
2
What is -1 (base 13) in base 3?
-1
Convert ae (base 16) to base 8.
256
a6 (base 16) to base 14
bc
Convert -44 (base 8) to base 12.
-30
Convert -110 (base 2) to base 13.
-6
-1013 (base 5) to base 13
-a3
-22100 (base 3) to base 13
-144
What is 3c (base 15) in base 7?
111
What is -5 (base 16) in base 13?
-5
What is -1 (base 16) in base 10?
-1
Convert 3a (base 16) to base 3.
2011
Convert -4 (base 15) to base 9.
-4
13 (base 10) to base 6
21
Convert -5 (base 14) to base 5.
-10
What is 8 (base 12) in base 11?
8
-15 (base 7) to base 15
-c
Convert 4 (base 8) to base 9.
4
-10030 (base 4) to base 11
-224
What is -10020 (base 4) in base 14?
-14c
5 (base 6) to base 16
5
Convert -143 (base 8) to base 7.
-201
What is -12 (base 7) in base 11?
-9
33 (base 4) to base 15
10
What is 1 (base 12) in base 3?
1
-6 (base 16) to base 7
-6
-23 (base 8) to base 6
-31
What is -1341 (base 6) in base 12?
-251
Convert 23 (base 14) to base 12.
27
Convert -13 (base 10) to base 14.
-d
-c (base 16) to base 11
-11
What is -a3 (base 12) in base 8?
-173
-4 (base 7) to base 13
-4
Convert 9 (base 10) to base 13.
9
What is 2 (base 14) in base 5?
2
Convert -2 (base 4) to base 9.
-2
What is -111 (base 3) in base 14?
-d
1 (base 14) to base 10
1
43 (base 11) to base 5
142
5 (base 7) to base 14
5
202 (base 11) to base 6
1044
Convert 166 (base 9) to base 15.
96
Convert 1 (base 10) to base 12.
1
Convert 3 (base 4) to base 16.
3
Convert 2001 (base 3) to base 10.
55
Convert 104 (base 5) to base 12.
25
What is -32 (base 13) in base 7?
-56
1300 (base 4) to base 6
304
What is 17 (base 11) in base 8?
22
1422 (base 5) to base 4
3231
What is 108 (base 10) in base 2?
1101100
Convert -2 (base 9) to base 13.
-2
2 (base 5) to base 12
2
1 (base 12) to base 15
1
-a (base 14) to base 5
-20
Convert 1 (base 16) to base 5.
1
Convert 3 (base 5) to base 16.
3
11 (base 5) to base 12
6
Convert -27 (base 8) to base 5.
-43
-44 (base 11) to base 10
-48
0 (base 10) to base 11
0
What is -400 (base 7) in base 2?
-11000100
-1 (base 7) to base 13
-1
Convert -2100 (base 4) to base 3.
-12100
What is -24 (base 9) in base 16?
-16
What is -44 (base 8) in base 3?
-1100
What is 0 (base 5) in base 16?
0
What is 11011110 (base 2) in base 10?
222
What is 19 (base 11) in base 3?
202
Convert -152 (base 6) to base 4.
-1010
Convert 37 (base 11) to base 8.
50
0 (base 10) to base 11
0
10110101 (base 2) to base 15
c1
What is 4 (base 10) in base 13?
4
Convert -12 (base 8) to base 14.
-a
Convert -10 (base 5) to base 7.
-5
What is 0 (base 3) in base 2?
0
-103 (base 6) to base 14
-2b
Convert 4d (base 15) to base 12.
61
-4 (base 6) to base 16
-4
What is 4 (base 10) in base 13?
4
Convert 0 (base 11) to base 6.
0
Convert -3 (base 8) to base 7.
-3
-125 (base 9) to base 5
-404
6 (base 14) to base 15
6
11 (base 3) to base 14
4
Convert 112 (base 3) to base 12.
12
1010011 (base 2) to base 5
313
12112 (base 3) to base 2
10010101
What is 35 (base 15) in base 16?
32
70 (base 9) to base 5
223
What is -514 (base 7) in base 12?
-194
What is -211 (base 8) in base 16?
-89
What is 31 (base 9) in base 6?
44
What is 0 (base 5) in base 2?
0
-9 (base 13) to base 5
-14
What is -15 (base 6) in base 15?
-b
Convert 5 (base 16) to base 8.
5
-2 (base 7) to base 3
-2
64 (base 9) to base 15
3d
Convert -2 (base 5) to base 14.
-2
1000101 (base 2) to base 10
69
What is -3 (base 12) in base 5?
-3
What is 0 (base 10) in base 2?
0
Convert -148 (base 9) to base 11.
-104
Convert 1b (base 13) to base 7.
33
28 (base 12) to base 8
40
What is 8 (base 16) in base 5?
13
-11 (base 2) to base 6
-3
25 (base 12) to base 4
131
-3 (base 12) to base 6
-3
1 (base 10) to base 2
1
-3 (base 12) to base 7
-3
-3 (base 16) to base 8
-3
12 (base 14) to base 8
20
-6 (base 15) to base 3
-20
-166 (base 10) to base 15
-b1
What is 405 (base 7) in base 15?
d6
Convert 